2 + 202000141?
202000143
In base 6, what is 210023 + -323?
205300
In base 6, what is 10150103150 - -3?
10150103153
In base 7, what is 623 - 633520?
-632564
In base 7, what is 126400 - 400?
126000
In base 16, what is -5f4 - 21f1?
-27e5
In base 13, what is -2 + -33263a41?
-33263a43
In base 3, what is 112201200 + 10000212011?
10120120211
In base 15, what is 6a6d - 67c?
63e1
In base 2, what is 110000001010110100111 + -11001000?
110000001010011011111
In base 2, what is -10010100010011111100011100 + -10?
-10010100010011111100011110
In base 6, what is -13315405530 + 4?
-13315405522
In base 4, what is 3332112 + 122121?
10120233
In base 2, what is 101 - -1100000001000011010010111?
1100000001000011010011100
In base 13, what is -38a1 - -62c?
-3272
In base 4, what is -3100 - 1023123?
-1032223
In base 15, what is b03793 - 1?
b03792
In base 14, what is 245 - bbbcb?
-bb986
In base 5, what is 424331141 - -1?
424331142
In base 7, what is 233561260 + 3?
233561263
In base 14, what is -ab52a2a0 + 5?
-ab52a299
In base 3, what is -1212101101001101 - -1?
-1212101101001100
In base 14, what is -4 + 60c5cc?
60c5c8
In base 7, what is 30231030 + 4?
30231034
In base 8, what is 1227454 + 42?
1227516
In base 5, what is -10 + 430340212434?
430340212424
In base 7, what is 331050440 - -3?
331050443
In base 11, what is -214 + 70?
-154
In base 8, what is 1417 + -452307?
-450670
In base 14, what is 1 - 23ba8?
-23ba7
In base 8, what is 1 - -53405675?
53405676
In base 5, what is 1004 + -211334013?
-211333004
In base 15, what is 3ad + 33a?
6e8
In base 16, what is -25b6 + 20f?
-23a7
In base 3, what is 20200 + 122122001122?
122122022022
In base 13, what is 8 + -2aba465b?
-2aba4653
In base 14, what is -10165b5 - -6?
-10165ad
In base 13, what is 39b - 5961?
-5593
In base 4, what is -3 - -22023020021?
22023020012
In base 7, what is -10005 - 15224?
-25232
In base 12, what is b346 - 1b?
b327
In base 16, what is -4043a4f4 - 3?
-4043a4f7
In base 14, what is -6 - -10c9542?
10c953a
In base 12, what is 264523 + 33?
264556
In base 5, what is 32341443 + 30203?
32422201
In base 6, what is -501502312 - -5?
-501502303
In base 5, what is -10 + 2242000311?
2242000301
In base 6, what is -30242355 - 202?
-30243001
In base 16, what is -1 - -3b0e888?
3b0e887
In base 15, what is 2 - 62c45?
-62c43
In base 8, what is 2 + -6312246?
-6312244
In base 9, what is 10653 + -17?
10635
In base 13, what is 7699a - -3a0?
7706a
In base 7, what is 224460 - 465?
223662
In base 8, what is 1215 + -66627?
-65412
In base 8, what is -27 - -15640523?
15640474
In base 4, what is -2 - -10322033130?
10322033122
In base 13, what is -aca589 - -1b?
-aca56b
In base 2, what is 1000101111111001 - -111011100111?
1001101011100000
In base 5, what is 10142423222 - -2?
10142423224
In base 14, what is 5 + -a273c79?
-a273c74
In base 14, what is 9 + -2645329?
-2645320
In base 12, what is 6348 + 9490?
13818
In base 14, what is b4909c + -3?
b49099
In base 7, what is -3 - -65114312?
65114306
In base 12, what is -10 - a897536?
-a897546
In base 8, what is 713757 - 20?
713737
In base 7, what is 1244 + 10362243?
10363520
In base 10, what is -8 + -44224953?
-44224961
In base 5, what is -3414311201341 - 10?
-3414311201401
In base 2, what is -1110111 + 100100101000110100010?
100100101000100101011
In base 11, what is 1 - 112125944?
-112125943
In base 8, what is 272 - 772511?
-772217
In base 12, what is 443 + -6aab2?
-6a66b
In base 7, what is 13312 - -611?
14223
In base 13, what is -483 + -12a08?
-1318b
In base 4, what is -321320003123 + 11?
-321320003112
In base 2, what is -101010010101010110101111011 + -100?
-101010010101010110101111111
In base 6, what is 3120 - -22112424?
22115544
In base 10, what is -55024 + -148?
-55172
In base 16, what is 4a74e1 - -a4?
4a7585
In base 14, what is -31a5 - -2c075?
28cb0
In base 10, what is -207 + 1650587?
1650380
In base 2, what is -100 - 1111001011100101111100101?
-1111001011100101111101001
In base 14, what is 140d615d - 2?
140d615b
In base 8, what is -144553 + 31?
-144522
In base 7, what is 2005602664 + -2?
2005602662
In base 15, what is -1 + -42ea70?
-42ea71
In base 5, what is 320 - 12143122?
-12142302
In base 12, what is -56271 - -42?
-5622b
In base 14, what is -3802bb + 1d7?
-3800c4
In base 13, what is 33488 - a6?
333b2
In base 12, what is -3161b2 + -15?
-316207
In base 2, what is 10100111101 + 11101100111110010?
11101111100101111
In base 7, what is -301 + 201234?
200633
In base 4, what is 3302 - 13012303011?
-13012233103
In base 3, what is 2101222 - -10122100?
20001022
In base 15, what is 1085 + -14bd?
-438
In base 3, what is 110110200 - 1022100?
102011100
In base 13, what is -a333841 - -7?
-a333837
In base 16, what is 0 + 20866cc?
20866cc
In base 9, what is -157 + 101748?
101581
In base 5, what is -414022302 + -211?
-414023013
In base 9, what is -624257 - -13?
-624244
In base 15, what is 398817 - 66?
3987a1
In base 7, what is 5606 + -413261?
-404352
In base 16, what is 2a6b - 68b?
23e0
In base 11, what is -4 + 214a6281?
214a6278
In base 13, what is 0 - -2a57454?
2a57454
In base 9, what is 4 - 412486576?
-412486572
In base 15, what is -d19a - -70e?
-c98b
In base 13, what is -4 - 72bbb6?
-72bbba
In base 8, what is -1 - -511701631?
511701630
In base 15, what is -3193cd0 + 4?
-3193ccb
In base 2, what is 11100 + -110010010000011110?
-110010010000000010
In base 5, what is 2 - -113222442231?
113222442233
In base 4, what is 2 + -11233303101?
-11233303033
In base 6, what is 5200421 - -105?
5200530
In base 10, what is 50865856 + -30?
50865826
In base 7, what is 34 - -2514621?
2514655
In base 15, what is b76a1 + 4?
b76a5
In base 8, what is -156 - -11344510?
11344332
In base 16, what is 21a3a - 32a?
21710
In base 2, what is -100110011001101111011 - 100111010?
-100110011010010110101
In base 13, what is 47 + -25250b9?
-2525072
In base 4, what is 222 + 22030112?
22031000
In base 2, what is -101011110000100010100010 + 10?
-101011110000100010100000
In base 3, what is -212110210122120 - -11?
-212110210122102
In base 4, what is -203 - -31223313220?
31223313011
In base 5, what is -4042140 - 10131?
-4102321
In base 5, what is -120224023032 - 3?
-120224023040
In base 11, what is -62845 - -32?
-62813
In base 9, what is -7580235 + -7?
-7580243
In base 8, what is 2305 - -2343?
4650
In base 8, what is -464542 - 2041?
-466603
In base 8, what is 2 + 35770345?
35770347
In base 4, what is 3 - -3303130011332?
3303130012001
In base 16, what is -17b6 + 280?
-1536
In base 5, what is 31242240 - 1111?
31241124
In base 11, what is -124483 + -59?
-124531
In base 2, what is -1010000010010110 - 1001?
-1010000010011111
In base 10, what is -13527307 + -11?
-13527318
In base 4, what is 23331020232 - -213?
23331021111
In base 3, what is 11001101022010002 + -11?
11001101022002221
In base 10, what is 4132 + -124?
4008
In base 4, what is 113133 - 1000310?
-221111
In base 14, what is 38 - 8bd484?
-8bd44a
In base 13, what is 3740685 + 5?
374068a
In base 14, what is 2d06351a - 1?
2d063519
In base 9, what is -7 - 36638886?
-36640004
In base 13, what is -4b450 + 238?
-4b215
In base 16, what is -2aa2 - -b02?
-1fa0
In base 2, what is 10011011110001001100011 - 11?
10011011110001001100000
In base 14, what is -5 - -1dda9?
1dda4
In base 7, what is -605515 + -15?
-605533
In base 10, what is -4485148 - -2?
-4485146
In base 11, what is -9850 - 188?
-9a28
In base 15, what is b + -803ca?
-803be
In base 16, what is -23 + -bb652d?
-bb6550
In base 5, what is -302034130 - 12?
-302034142
In base 6, what is 14451 + 1304450?
1323341
In base 9, what is 167563822 + -6?
167563815
In base 8, what is 47 + 5576030?
5576077
In base 3, what is 10212 + 121111221102?
121112002021
In base 9, what is -163766 + -1430?
-165306
In base 14, what is -854d + -a35?
-9184
In base 2, what is -101011 + -1110010000011101?
-1110010001001000
In base 13, what is 50 + 160c?
165c
In base 15, what is -2182d8 + b?
-2182cc
In base 12, what is -12 + -a588b2?
-a58904
In base 7, what is -3 - -4425366506?
4425366503
In base 9, what is -16003087 - -20?
-16003067
In base 9, what is -251456 + 41?
-251415
In base 7, what is -1615 - -3656236?
3654321
In base 9, what is -2074504 - -13?
-2074481
In base 11, what is -873241 - 24?
-873265
In base 10, what is -1801 - 53766?
-55567
In base 11, what is -88925251 - 6?
-8892